{"id":407,"date":"2017-06-22T09:45:23","date_gmt":"2017-06-22T09:45:23","guid":{"rendered":"https:\/\/www.castelfrancoservizi.it\/website\/?page_id=407"},"modified":"2017-06-22T09:45:23","modified_gmt":"2017-06-22T09:45:23","slug":"cosa-si-occupa","status":"publish","type":"page","link":"https:\/\/amministrazionetrasparente.aeep.it\/sitoweb\/aeep\/cosa-si-occupa\/","title":{"rendered":"Di cosa si occupa"},"content":{"rendered":"<p>L\u2019Azienda ha per oggetto la gestione dei servizi relativi al campo dell\u2019edilizia residenziale.<\/p>\n<p>In particolare la propria attivit\u00e0 riguarda:<\/p>\n<p>\u2013 la creazione di condizioni favorevoli per risolvere il problema della casa soprattutto per le categorie socialmente ed economicamente disagiate, nonch\u00e8 lacostruzione di strutture alloggiative per emergenza sociale;<\/p>\n<p>\u2013 l\u2019acquisto, la costruzione, il restauro, la ristrutturazione edilizia ed urbanistica di edifici ai fini residenziali, o terziari o artigianali funzionali alla residenza , da locare o alienare con riferimento ai canoni aa prezzi sociali o mediante forme di facilitazione legislativamente previste;<br \/>\nl\u2019acquisto di terreni urbanizzati o da urbanizzare, di edifici o la realizzazione di quest\u2019ultimi, al fine di locarli o venderli con riferimento a canoni o prezzi concorrenziali al fine di esercitare un effetto calmieratore e perequativo del mercato edilizio, utilizzando a tale scopo risorse proprie;<\/p>\n<p>\u2013 l\u2019assunzione, verso corrispettivo, di incarichi di progettazione ed esecuzione di opere di urbanizzazione primaria e secondaria o di piani di recupero o di altri strumenti attuativi di iniziativa pubblica, nonch\u00e8 di progettazione ed esecuzione di progetti integrati di intervento o di programmi di edificazione o recupero collegati a programmi, anche di iniziativa pubblica \u2013 privata, di edilizia residenziale pubblica anche per conto di altri Comuni e\/o per conto di operatori pubblici direttamente interessati;<br \/>\n\u2013 la prestazione verso corrispettivo, di servizi di consulenza progettuale e giuridica nell\u2019ambito della disciplina urbanistica e delle opere pubbliche a favore di soggetti pubblici e privati, nonch\u00e8 di servizi per la gestione dei rispettivi patrimoni edilizi, indipendentemente dalle modalit\u00e0 della loro acqusizione o della loro destinazione.<\/p>\n<p>L\u2019Azienda, per l\u2019espletamento di attivit\u00e0 collegate, strumentali e accessorie alla gestione dei servizi istituzionalmente affidati, pu\u00f2 costituire o partecipare a Societ\u00e0 o Associazioni di Imprese di diritto privato, previa approvazione del Consiglio Comunale che si esprime sulla proposta opportunamente corredata da valutazioni economiche e finanziarie.<\/p>\n","protected":false},"excerpt":{"rendered":"<p>L\u2019Azienda ha per oggetto la gestione dei servizi relativi al campo dell\u2019edilizia residenziale. In particolare la propria attivit\u00e0 riguarda: \u2013 la creazione di condizioni favorevoli per risolvere il problema della casa soprattutto per le categorie socialmente ed economicamente disagiate, nonch\u00e8&#8230;<span class=\"read-more\"><a href=\"https:\/\/amministrazionetrasparente.aeep.it\/sitoweb\/aeep\/cosa-si-occupa\/\">Continua la lettura &rarr;<\/a><\/span><\/p>\n","protected":false},"author":1,"featured_media":0,"parent":31,"menu_order":0,"comment_status":"closed","ping_status":"closed","template":"","meta":{"_acf_changed":false,"ngg_post_thumbnail":0,"footnotes":""},"class_list":["post-407","page","type-page","status-publish","hentry"],"acf":[],"yoast_head":"<!-- This site is optimized with the Yoast SEO plugin v27.4 - https:\/\/yoast.com\/product\/yoast-seo-wordpress\/ -->\n<title>Di cosa si occupa - AEEP<\/title>\n<meta name=\"robots\" content=\"noindex, follow, max-snippet:-1, max-image-preview:large, max-video-preview:-1\" \/>\n<meta property=\"og:locale\" content=\"it_IT\" \/>\n<meta property=\"og:type\" content=\"article\" \/>\n<meta property=\"og:title\" content=\"Di cosa si occupa - AEEP\" \/>\n<meta property=\"og:description\" content=\"L\u2019Azienda ha per oggetto la gestione dei servizi relativi al campo dell\u2019edilizia residenziale. In particolare la propria attivit\u00e0 riguarda: \u2013 la creazione di condizioni favorevoli per risolvere il problema della casa soprattutto per le categorie socialmente ed economicamente disagiate, nonch\u00e8...Continua la lettura &rarr;\" \/>\n<meta property=\"og:url\" content=\"https:\/\/amministrazionetrasparente.aeep.it\/sitoweb\/aeep\/cosa-si-occupa\/\" \/>\n<meta property=\"og:site_name\" content=\"AEEP\" \/>\n<meta name=\"twitter:card\" content=\"summary_large_image\" \/>\n<meta name=\"twitter:label1\" content=\"Tempo di lettura stimato\" \/>\n\t<meta name=\"twitter:data1\" content=\"2 minuti\" \/>\n<script type=\"application\/ld+json\" class=\"yoast-schema-graph\">{\"@context\":\"https:\\\/\\\/schema.org\",\"@graph\":[{\"@type\":\"WebPage\",\"@id\":\"https:\\\/\\\/amministrazionetrasparente.aeep.it\\\/sitoweb\\\/aeep\\\/cosa-si-occupa\\\/\",\"url\":\"https:\\\/\\\/amministrazionetrasparente.aeep.it\\\/sitoweb\\\/aeep\\\/cosa-si-occupa\\\/\",\"name\":\"Di cosa si occupa - AEEP\",\"isPartOf\":{\"@id\":\"https:\\\/\\\/amministrazionetrasparente.aeep.it\\\/sitoweb\\\/#website\"},\"datePublished\":\"2017-06-22T09:45:23+00:00\",\"breadcrumb\":{\"@id\":\"https:\\\/\\\/amministrazionetrasparente.aeep.it\\\/sitoweb\\\/aeep\\\/cosa-si-occupa\\\/#breadcrumb\"},\"inLanguage\":\"it-IT\",\"potentialAction\":[{\"@type\":\"ReadAction\",\"target\":[\"https:\\\/\\\/amministrazionetrasparente.aeep.it\\\/sitoweb\\\/aeep\\\/cosa-si-occupa\\\/\"]}]},{\"@type\":\"BreadcrumbList\",\"@id\":\"https:\\\/\\\/amministrazionetrasparente.aeep.it\\\/sitoweb\\\/aeep\\\/cosa-si-occupa\\\/#breadcrumb\",\"itemListElement\":[{\"@type\":\"ListItem\",\"position\":1,\"name\":\"Home\",\"item\":\"https:\\\/\\\/amministrazionetrasparente.aeep.it\\\/sitoweb\\\/\"},{\"@type\":\"ListItem\",\"position\":2,\"name\":\"AEEP &#8211; Azienda per l&#8217;Edilizia Economica e Popolare di Castelfranco Veneto\",\"item\":\"https:\\\/\\\/amministrazionetrasparente.aeep.it\\\/sitoweb\\\/aeep\\\/\"},{\"@type\":\"ListItem\",\"position\":3,\"name\":\"Di cosa si occupa\"}]},{\"@type\":\"WebSite\",\"@id\":\"https:\\\/\\\/amministrazionetrasparente.aeep.it\\\/sitoweb\\\/#website\",\"url\":\"https:\\\/\\\/amministrazionetrasparente.aeep.it\\\/sitoweb\\\/\",\"name\":\"AEEP\",\"description\":\"Il portale dei servizi della citt\u00e0 di Castelfranco Veneto\",\"potentialAction\":[{\"@type\":\"SearchAction\",\"target\":{\"@type\":\"EntryPoint\",\"urlTemplate\":\"https:\\\/\\\/amministrazionetrasparente.aeep.it\\\/sitoweb\\\/?s={search_term_string}\"},\"query-input\":{\"@type\":\"PropertyValueSpecification\",\"valueRequired\":true,\"valueName\":\"search_term_string\"}}],\"inLanguage\":\"it-IT\"}]}<\/script>\n<!-- \/ Yoast SEO plugin. -->","yoast_head_json":{"title":"Di cosa si occupa - AEEP","robots":{"index":"noindex","follow":"follow","max-snippet":"max-snippet:-1","max-image-preview":"max-image-preview:large","max-video-preview":"max-video-preview:-1"},"og_locale":"it_IT","og_type":"article","og_title":"Di cosa si occupa - AEEP","og_description":"L\u2019Azienda ha per oggetto la gestione dei servizi relativi al campo dell\u2019edilizia residenziale. In particolare la propria attivit\u00e0 riguarda: \u2013 la creazione di condizioni favorevoli per risolvere il problema della casa soprattutto per le categorie socialmente ed economicamente disagiate, nonch\u00e8...Continua la lettura &rarr;","og_url":"https:\/\/amministrazionetrasparente.aeep.it\/sitoweb\/aeep\/cosa-si-occupa\/","og_site_name":"AEEP","twitter_card":"summary_large_image","twitter_misc":{"Tempo di lettura stimato":"2 minuti"},"schema":{"@context":"https:\/\/schema.org","@graph":[{"@type":"WebPage","@id":"https:\/\/amministrazionetrasparente.aeep.it\/sitoweb\/aeep\/cosa-si-occupa\/","url":"https:\/\/amministrazionetrasparente.aeep.it\/sitoweb\/aeep\/cosa-si-occupa\/","name":"Di cosa si occupa - AEEP","isPartOf":{"@id":"https:\/\/amministrazionetrasparente.aeep.it\/sitoweb\/#website"},"datePublished":"2017-06-22T09:45:23+00:00","breadcrumb":{"@id":"https:\/\/amministrazionetrasparente.aeep.it\/sitoweb\/aeep\/cosa-si-occupa\/#breadcrumb"},"inLanguage":"it-IT","potentialAction":[{"@type":"ReadAction","target":["https:\/\/amministrazionetrasparente.aeep.it\/sitoweb\/aeep\/cosa-si-occupa\/"]}]},{"@type":"BreadcrumbList","@id":"https:\/\/amministrazionetrasparente.aeep.it\/sitoweb\/aeep\/cosa-si-occupa\/#breadcrumb","itemListElement":[{"@type":"ListItem","position":1,"name":"Home","item":"https:\/\/amministrazionetrasparente.aeep.it\/sitoweb\/"},{"@type":"ListItem","position":2,"name":"AEEP &#8211; Azienda per l&#8217;Edilizia Economica e Popolare di Castelfranco Veneto","item":"https:\/\/amministrazionetrasparente.aeep.it\/sitoweb\/aeep\/"},{"@type":"ListItem","position":3,"name":"Di cosa si occupa"}]},{"@type":"WebSite","@id":"https:\/\/amministrazionetrasparente.aeep.it\/sitoweb\/#website","url":"https:\/\/amministrazionetrasparente.aeep.it\/sitoweb\/","name":"AEEP","description":"Il portale dei servizi della citt\u00e0 di Castelfranco Veneto","potentialAction":[{"@type":"SearchAction","target":{"@type":"EntryPoint","urlTemplate":"https:\/\/amministrazionetrasparente.aeep.it\/sitoweb\/?s={search_term_string}"},"query-input":{"@type":"PropertyValueSpecification","valueRequired":true,"valueName":"search_term_string"}}],"inLanguage":"it-IT"}]}},"jetpack_sharing_enabled":true,"_links":{"self":[{"href":"https:\/\/amministrazionetrasparente.aeep.it\/sitoweb\/wp-json\/wp\/v2\/pages\/407","targetHints":{"allow":["GET"]}}],"collection":[{"href":"https:\/\/amministrazionetrasparente.aeep.it\/sitoweb\/wp-json\/wp\/v2\/pages"}],"about":[{"href":"https:\/\/amministrazionetrasparente.aeep.it\/sitoweb\/wp-json\/wp\/v2\/types\/page"}],"author":[{"embeddable":true,"href":"https:\/\/amministrazionetrasparente.aeep.it\/sitoweb\/wp-json\/wp\/v2\/users\/1"}],"replies":[{"embeddable":true,"href":"https:\/\/amministrazionetrasparente.aeep.it\/sitoweb\/wp-json\/wp\/v2\/comments?post=407"}],"version-history":[{"count":1,"href":"https:\/\/amministrazionetrasparente.aeep.it\/sitoweb\/wp-json\/wp\/v2\/pages\/407\/revisions"}],"predecessor-version":[{"id":408,"href":"https:\/\/amministrazionetrasparente.aeep.it\/sitoweb\/wp-json\/wp\/v2\/pages\/407\/revisions\/408"}],"up":[{"embeddable":true,"href":"https:\/\/amministrazionetrasparente.aeep.it\/sitoweb\/wp-json\/wp\/v2\/pages\/31"}],"wp:attachment":[{"href":"https:\/\/amministrazionetrasparente.aeep.it\/sitoweb\/wp-json\/wp\/v2\/media?parent=407"}],"curies":[{"name":"wp","href":"https:\/\/api.w.org\/{rel}","templated":true}]}}